tor of f and l?
13
Let w = 290 + -443. Let g = w + 258. Let t(s) = -4*s + 5. Let o be t(-4). What is the greatest common divisor of g and o?
21
Let t(a) = 6*a - 13. Let r be t(4). What is the highest common factor of 11 and r?
11
Suppose -5*r - 3*z - 84 + 243 = 0, 5*z + 15 = r. Suppose 5*l = -0*l + r. What is the greatest common divisor of l and 48?
6
Suppose 5*z - 109 = 5*l + 86, -z = 5*l - 57. Calculate the highest common divisor of 105 and z.
21
Let t(j) = -j + 4. Let o be t(8). Let r be (45/(-6))/((-2)/o). Let z = -9 - r. What is the highest common divisor of z and 12?
6
Let i = 473 - 329. Suppose -3*s = s - i. Calculate the greatest common factor of 9 and s.
9
Let y = 6 - -1. Let h = 18 - -45. Calculate the highest common divisor of h and y.
7
Let g be (-5)/(-10) + (-39)/(-2). What is the greatest common divisor of g and 5?
5
Suppose 3*u + 5*z - 40 = -0*z, -5*u = -z - 104. Calculate the highest common divisor of u and 10.
10
Let p = 89 - 59. Suppose p = -2*s + 7*s. Calculate the highest common divisor of s and 3.
3
Suppose 0*c = -5*c - 4*r + 55, -r = -5*c + 55. Let i = 65 - -12. What is the greatest common factor of i and c?
11
Suppose 3*u - c = 21, 0 = 2*u + c - 5*c - 24. Calculate the highest common divisor of 6 and u.
6
Let w = 35 + -18. Suppose k - 4*u - 51 = -w, -2*u - 52 = -3*k. Suppose k = -5*b + 69. Calculate the greatest common factor of b and 88.
11
Let h = 61 + -37. Let g = 21 + -15. What is the greatest common factor of g and h?
6
Suppose -5*i - 3*t = 4253 + 1204, 5*i = 4*t - 5464. Let a be (2 - -1)/(-3)*i. Let v be 4/(-14) + a/49. What is the greatest common divisor of v and 11?
11
Let r = -5 - -13. Let c = -2 - -4. Let o be (c/(-2))/1 + 2. What is the greatest common factor of o and r?
1
Suppose 2*l + 4*a = -0*a + 10, -3*l - a + 25 = 0. What is the highest common divisor of l and 27?
9
Let h = 69 - 43. Suppose -3*y - 4*m - 101 = -323, 5*y + 4*m = 378. What is the greatest common divisor of y and h?
26
Let q(u) = 4*u**2 + 3*u - 1. Let l be q(2). Suppose 37 = 4*r + r + x, 4*x - 1 = r. What is the greatest common divisor of l and r?
7
Suppose 2*s = -2 + 20. What is the highest common divisor of 27 and s?
9
Let t be -1 - (2*-1 + -2). Suppose -14*h + 9*h + 15 = 0. Calculate the highest common factor of h and t.
3
Let p(f) = 2*f**3 - 3*f**2 + f. Suppose 11*d - 6 = 8*d. Let t be p(d). What is the greatest common factor of 48 and t?
6
Let m = 172 - 133. What is the greatest common factor of m and 78?
39
Let r be (-88)/(-14) + (-2)/7. Suppose 3*y - 3 = 3. Suppose f + y - 55 = w, f - 52 = 2*w. What is the greatest common factor of f and r?
6
Let m be (1/(1/(-3)))/(-1). Let c(l) = 5*l**3 - 3*l**2 - 4*l + 3. Let t be c(m). Calculate the greatest common factor of 11 and t.
11
Let a be 3 - (-1 - (3 - -86)). Let h = a + -66. Suppose -3*s + 0*s = -9. Calculate the greatest common divisor of h and s.
3
Let b(x) = x - 1. Let v be b(5). Let n be (v - 7)/((-6)/28). Calculate the highest common divisor of 56 and n.
14
Let r be 2/9 - 128/(-72). Let y(u) = -3*u - 22*u**3 + 36*u**3 + 2 + u**2 + r*u**2. Let g be y(2). Calculate the highest common factor of 15 and g.
15
Let r be 2*(-5)/1*-11. Suppose 0 = -2*b + 20 + 2. What is the greatest common divisor of b and r?
11
Let r(k) = k**3 + 9*k**2 - 7*k + 5. Let x(m) = -2*m + 3. Let d be x(6). Let b be r(d). Let n = 9 + b. Calculate the highest common factor of n and 11.
11
Suppose f - 2 - 14 = 0. Suppose 6*q - 5*q - f = 0. Calculate the highest common factor of q and 144.
16
Let j = -48 + 67. What is the highest common divisor of j and 57?
19
Let y(h) = h + 34. Let b be y(-17). What is the highest common factor of 17 and b?
17
Suppose 0 = 4*w - 4, 3*y + 20 = -w + 3*w. Let j be (-11)/3 - (-2)/y. Let l be 1*5*(j + 6). Calculate the greatest common divisor of 4 and l.
2
Suppose 3*p = l + 152, 2*p - 153 + 29 = -5*l. Suppose 67 = 5*a - 63. What is the highest common divisor of a and p?
26
Suppose 0 = 3*z - 4*b - 386, 0*z + 5*z - 622 = -4*b. Calculate the highest common factor of 14 and z.
14
Suppose -4 = -3*f - 3*z + z, 8 = 5*f + 3*z. Suppose 5*j - 5 + 76 = f*i, 0 = j - 5. What is the greatest common divisor of i and 72?
24
Suppose 0 = 14*a - 3255 + 455. What is the highest common factor of 25 and a?
25
Suppose -5*b + 3*b + 10 = 0. What is the greatest common divisor of b and 25?
5
Let p be ((-1)/(2/12))/(-1). Let o(q) = -q + 6. Let f be o(p). Suppose -d + 22 = -f*d. What is the greatest common divisor of d and 11?
11
Let k(i) = -i + 6. Let z be k(-18). What is the highest common divisor of 16 and z?
8
Let s = 219 + -131. What is the highest common factor of s and 16?
8
Let s be 297/2*(-4)/(-6). Suppose y - 12 = -1. Calculate the greatest common divisor of y and s.
11
Let a be ((-297)/4)/(18/(-8) + 2). What is the greatest common factor of 11 and a?
11
Let s(l) = 2*l**2 + 4*l + 2. Let j be s(-5). Calculate the greatest common divisor of 80 and j.
16
Let i(g) = 2 + 3*g - 20*g + 5 + 1. Let w be i(-6). Calculate the greatest common factor of 10 and w.
10
Let q be (42 - (-1 - -2)) + (7 - 8). What is the highest common factor of 20 and q?
20
Suppose -4*b + 1550 = 6*b. Calculate the highest common factor of b and 31.
31
Suppose -2*s - 2*s + p + 12 = 0, -2*p = 0. Suppose c = s*c. Suppose c = x - 4 - 5. What is the greatest common factor of x and 63?
9
Suppose 4*t = -t - 3*x - 5, x = 4*t - 13. Let n(k) = -k**2 - 17*k + 18. Let o be n(-13). Suppose 10*s = 5*s + o. What is the greatest common divisor of s and t?
2
Let x(a) = -43*a + 38. Let u be x(-6). Calculate the highest common factor of 37 and u.
37
Let t(n) = n**2 + 6*n + 3. Let d be t(-6). Let g be (-4)/8 - (-2)/4. Suppose d*l - 6*l + 9 = g. What is the greatest common factor of l and 24?
3
Let p be (0 + 5)*(-1 + 9). Suppose 5 = 3*n - 2*n. Calculate the highest common divisor of p and n.
5
Let u(y) = -48*y - 3. Let h be u(-1). What is the greatest common factor of h and 9?
9
Let o = -3 + -13. Suppose s + 75 = 4*s. Let h = o + s. What is the greatest common divisor of h and 63?
9
Suppose 2*l = 44 + 132. Calculate the greatest common divisor of 11 and l.
11
Suppose -3*j + 2*i = -0*j - 223, -227 = -3*j - 2*i. Calculate the highest common factor of 25 and j.
25
Let h be 231/6*(-8)/(-14). Calculate the greatest common divisor of 132 and h.
22
Let q = -65 - -46. Let p = -7 - q. What is the highest common divisor of 6 and p?
6
Let h be (-130)/(-15)*(-9)/(-6). What is the greatest common divisor of 1 and h?
1
Suppose 5*y + 0*y - 95 = 0. Calculate the greatest common factor of 38 and y.
19
Suppose 3*j + 20 = 5*x, -4*x - 3*j + 16 = -j. Calculate the highest common factor of 24 and x.
4
Let x = 20 + -18. Suppose -2*t + t - x*n + 23 = 0, 0 = -5*t - n + 70. What is the highest common divisor of 65 and t?
13
Let f(t) = -t + 13. Let j be f(7). Calculate the greatest common factor of j and 2.
2
Let u(s) = 2*s**2 - 22*s - 11. Let k be u(12). Calculate the greatest common factor of 65 and k.
13
Let y be (-2)/2 - (-1 - -1). Let z be 1 + (3 - y*6). Calculate the highest common divisor of z and 10.
10
Let y = 104 - 74. Calculate the highest common factor of 15 and y.
15
Let r be 1 + 6/(2 + -5). Let j be (r + -1)*11/(-2). Let a = j - 3. Calculate the greatest common factor of a and 1.
1
Let t be (-132)/(-28) + 4/14. Suppose 71 = -t*g + 346. Suppose g = -o + 2*o. What is the highest common divisor of o and 11?
11
Let s(w) = -26*w - 4. Let f be s(-5). What is the greatest common factor of f and 14?
14
Suppose -14 = -3*i + 2*i. What is the greatest common factor of 28 and i?
14
Let m be (-1)/(3/(-1*225)). What is the highest common factor of m and 15?
15
Suppose p - 4*p - 5 = 5*n, -p - 5*n - 15 = 0. Suppose 3 = -c - x + 11, -p*c + 2*x + 40 = 0. What is the highest common divisor of c and 12?
4
Let u be ((-3)/(-3))/(2/8). Suppose u*l = 33 + 39. Calculate the highest common divisor of 27 and l.
9
Suppose -4*b = a - 3*b - 16, 3*b = -2*a + 28. Suppose 0 = 3*y - 0*y - 3. Let r be ((-4)/(-12))/(y/15). Calculate the greatest common factor of r and a.
5
Let a be (-2)/(-4) + 194/4. What is the highest common divisor of 7 and a?
7
Suppose -2*q = -3*q + 45. What is the highest common factor of 30 and q?
15
Let j be 59/5 + 2/10. Suppose -w + j = 3*w. Calculate the highest common divisor of w a